r when u is divided by b?
5
Suppose -u - 6 = -4*u. Calculate the remainder when 4 is divided by u.
0
Let y(a) = 2*a**2 + 2*a + 1. Suppose -4*p + 28 = -2*p. Calculate the remainder when p is divided by y(-2).
4
Suppose 5*k - 79 = -4. Suppose 0 = -4*t + 4*q + 24, -27 - 7 = -3*t - 5*q. Calculate the remainder when k is divided by t.
7
Suppose 3*f - 4*i - 35 = 0, -4 + 18 = 2*f + 2*i. Suppose -4*x = 4*r - 68, 5*r = -f + 29. What is the remainder when 38 is divided by x?
12
Suppose -q + 41 = -x - 3*x, 3*q = -4*x - 53. Let g = 20 + x. Calculate the remainder when g is divided by 4.
1
Suppose -3*l + 18 = 2*p + 2*p, 2*p - l - 14 = 0. Let n(v) = 2*v**2 - v + 2. What is the remainder when n(3) is divided by p?
5
Let c = 169 - 111. What is the remainder when c is divided by 30?
28
Let p(s) = -s**3 + 6*s**2 + 3. Let h be p(6). Suppose -4*g = -0*g - 2*f - 56, 0 = -g - 5*f + h. What is the remainder when 25 is divided by g?
12
Suppose -2*r - 30 = -7*r. Let a(h) = 4*h + 2. What is the remainder when a(r) is divided by 14?
12
Suppose -2*w + 40 = 3*w. Suppose -41 = -3*h + 13. Suppose c + 3 = h. Calculate the remainder when c is divided by w.
7
Let c = -38 + 41. Let d = -1 - -5. What is the remainder when d is divided by c?
1
Let c = 25 - -6. Let s = c - 12. Calculate the remainder when 36 is divided by s.
17
Suppose 2*y - 8*y + 294 = 0. Calculate the remainder when 143 is divided by y.
45
Let u be 1 - (1 + -21) - -1. What is the remainder when u/(-8)*2*-6 is divided by 18?
15
Suppose 10*k - 87 = 63. Calculate the remainder when 208 is divided by k.
13
Let u(f) = 94*f**2 - f + 1. Let k be u(1). Let q = k - 58. What is the remainder when q is divided by 19?
17
Let t = -28 - -39. Let f(d) be the first derivative of -d**3/3 + 4*d**2 - 3*d + 2. What is the remainder when t is divided by f(7)?
3
Let f(i) = 3*i**3 - 2*i**2 - i + 2. Suppose 0*x = 3*x. Suppose 4*a + 32 = 4*s, 4*s - 5*a - 34 = -x*s. What is the remainder when f(2) is divided by s?
4
Let c(y) = -y**3 - y**2 - y + 1. What is the remainder when c(-3) is divided by 13?
9
Suppose 2*l - 3*l + 143 = 5*q, -2*q = 4*l - 50. Suppose 4*f + 7 - 27 = 0, 25 = 5*r - f. What is the remainder when q is divided by r?
5
Let z(r) = r**2 + 4*r - 8. Let m be z(-6). Suppose 12 = 3*n, 3 = -5*h + 4*n + 12. Let p = h + m. What is the remainder when 26 is divided by p?
8
Suppose 8*c - 2*c - 12 = 0. Suppose c*d - 40 = 4*k, -3 - 65 = -3*d + 4*k. What is the remainder when d is divided by 15?
13
What is the remainder when (-1 - 6/(-3)) + 17 is divided by 10?
8
Let b = -25 + 38. What is the remainder when b is divided by 3?
1
Suppose 2 - 18 = 2*v. Let g be 6*v + -3 + 1. Let t = g + 87. Calculate the remainder when t is divided by 13.
11
Let q = -72 + 169. Suppose -2*n = -38 - 12. Calculate the remainder when q is divided by n.
22
Let j = -37 - -65. Suppose 3*z = 21 + 9. Calculate the remainder when j is divided by z.
8
Suppose n - 2 = -n - d, -d = -5*n + 12. Suppose 3*v - 21 = 2*u, -23 = n*v + 5*u - 56. What is the remainder when 25 is divided by v?
7
Let n(b) = -b**2 - 9*b - 5. Let q = 8 + -14. Calculate the remainder when 25 is divided by n(q).
12
Suppose 0 = 5*i - 5*t + 2*t - 928, 5 = -5*t. Calculate the remainder when i is divided by 47.
44
Calculate the remainder when (-3)/6 - ((-1332)/8)/3 is divided by 17.
4
Let o(n) = -2*n**3 - n**2 + 3*n + 5. Calculate the remainder when 78 is divided by o(-3).
37
Let u = 294 - 208. Calculate the remainder when u is divided by 29.
28
Suppose p = -2*i + 12, 4*i + 5*p + 25 = 61. Suppose -i*g + 40 = 4*t, g - 4*t - 12 = -7*t. Calculate the remainder when g is divided by 4.
1
Suppose 2*i + 37 = c + 1, -2*i = 2*c + 48. Let k be (-2)/1 - i/4. Suppose k*p = -p + 28. What is the remainder when 11 is divided by p?
4
Calculate the remainder when 39 is divided by 4/(-22) - (-7)/(462/1398).
18
What is the remainder when 19 is divided by 15/(-10) - (-19)/2?
3
Calculate the remainder when 97 is divided by 1/((-1)/2*-4)*20.
7
Suppose 0*g + 3 = 3*g. Let w(c) = c**2 - 7*c + 1. Suppose 2*u + 29 = 5*q, 8 = -5*u + 23. What is the remainder when g is divided by w(q)?
0
Let v(g) = -2*g + 6. Let b be v(5). Let l = b + 4. Suppose 2*p + l*p = 18. What is the remainder when p is divided by 5?
4
Suppose 261 = -6*h + 15*h. What is the remainder when 86 is divided by h?
28
Suppose 5*k + 0*k - 90 = 0. What is the remainder when k is divided by (0 + -4)/((-17)/5 - -3)?
8
Let c = -77 - -98. Calculate the remainder when c is divided by 8.
5
Suppose -3*y + 5*y = -2*k - 14, 4*y + 20 = 0. Let v = 1 - k. Suppose -v*a - a = -44. Calculate the remainder when 31 is divided by a.
9
Suppose -4*a + 17 = 3*m - 103, 5*m + 20 = 0. Calculate the remainder when a is divided by 2 - 0 - (-15)/1.
16
Let f = -55 - -83. Let q(p) = p + 10. Calculate the remainder when f is divided by q(0).
8
Let n be 3 + -19*2/(-2). Let h = -9 - n. Let x = 23 - h. What is the remainder when x is divided by 14?
12
Let b = -210 + 299. Calculate the remainder when b is divided by 23.
20
Suppose -5*h + 9*h - 304 = 0. What is the remainder when h is divided by 10?
6
Calculate the remainder when ((-4)/(-5))/((-18)/(-1800)) is divided by 21.
17
Let u(q) = 6*q - 8 - 6*q - 13*q. Calculate the remainder when u(-5) is divided by 20.
17
Let f = 7 - 5. Suppose u = -f*u + 9. What is the remainder when 8 is divided by u?
2
Suppose -5*b + 0*b = -35. Let m = -1 - -4. What is the remainder when b is divided by m?
1
Suppose -2*w + 406 - 47 = 5*k, 0 = -3*w - 9. What is the remainder when k is divided by 26?
21
Suppose -2*x = 4*g - 15 - 1, 0 = -3*x + 5*g + 68. What is the remainder when 28 is divided by x?
12
Let u(c) = 2*c**2 - 7*c - 6. Calculate the remainder when 34 is divided by u(5).
7
Let f = 67 + -26. What is the remainder when f is divided by 22?
19
Suppose 3*z = 7*z - 60. What is the remainder when 29 is divided by (z/(-9))/(3/(-27))?
14
Let w(u) = 43*u. Calculate the remainder when w(1) is divided by 22.
21
What is the remainder when 47 is divided by (-1 - -2)*-5 + 17?
11
Let c = -2 + -1. Let m(d) = -12*d + 2. Let r be m(c). Let b = r + -27. What is the remainder when b is divided by 4?
3
Suppose 5*v = -0 + 10. What is the remainder when v is divided by 2?
0
Suppose 0*g - 42 = -4*d + 2*g, 4*d + 4*g = 24. Suppose -s - 1 = 0, 2*a + 3 - 111 = 4*s. Let j = -17 + a. What is the remainder when j is divided by d?
8
Let d(x) be the first derivative of 2*x**2 - 2*x + 2. Let l be d(-3). Let a = l - -29. Calculate the remainder when 43 is divided by a.
13
Suppose -n = 4*r + 11, 6*r = r - 20. What is the remainder when 17 is divided by n?
2
Let t(g) be the second derivative of -g**3/6 - 9*g**2/2 - 2*g. What is the remainder when 11 is divided by t(-13)?
3
Let j = -1 - -5. Suppose 5 = -j*b + 1. What is the remainder when 46 is divided by b + (2*17)/2?
14
Let p = -14 - -12. What is the remainder when (-248)/(-4)*(-1)/p is divided by 17?
14
Let p = 244 - 133. Calculate the remainder when p is divided by 28.
27
Suppose -2*m = -4, -4*v - m = -0*v - 158. Calculate the remainder when v is divided by 21.
18
Let w be (0 + 60)*(-3)/(-4). Let v = -26 + w. What is the remainder when 73 is divided by v?
16
Let k be 6*(-2 - 1)/(-3). Suppose -2*p + k*p + 620 = 0. What is the remainder when p*4/30*-3 is divided by 21?
20
Let a(z) be the third derivative of z**5/60 + z**4/24 - z**3/6 + z**2. Let s(h) = 2*h. What is the remainder when a(3) is divided by s(2)?
3
Calculate the remainder when 118 is divided by (-1800)/(-135)*(-6)/(-4)*2.
38
Suppose 11 = 2*s - 3*m - 5, 3*s - 27 = 3*m. What is the remainder when 41 is divided by s?
8
Let l(i) = -6*i**2 - 1. Let a be l(-1). What is the remainder when a/(-2)*(9 - 5) is divided by 5?
4
Let j = 6 - 4. Suppose -8 = -j*o - 4. Calculate the remainder when 3 is divided by o.
1
Let o(l) be the third derivative of l**5/60 - 4*l**3/3 - 4*l**2. Calculate the remainder when o(7) is divided by 21.
20
Suppose -45 = -5*q - 5*v, -3*v + 8 + 3 = -q. Suppose 0 = -37*f + 15*f + 198. What is the remainder when f is divided by q?
1
Let c(y) = y + 3. Let s(m) = -m - 3. Let n(b) = -4*c(b) - 3*s(b). What is the remainder when (-18)/(-8) - 1/4 is divided by n(-5)?
0
Suppose 0 = 3*v - 55 - 20. Let s(y) = -4*y**3 - 6*y**2 - 6*y + 1. What is the remainder when s(-3) is divided by v?
